g + 2 + g**3 + g**2 + 0 + 4*g**2 + 4. Let o(f) = -f - 2. Let q be o(-7). Let u be (-27)/5 + 2/q. Give t(u).
-4
Let p(v) = -2*v + v**2 - 77 + 79 - v. Determine p(2).
0
Suppose -4*t = 3*t + 7. Let k(w) = 8*w - 2. Let y(s) = 15*s - 5. Let o(c) = -7*k(c) + 3*y(c). Give o(t).
10
Let b(h) = h**2 - 5*h + 5. Let u = -34 - -47. Suppose -14*w + 6 = -u*w. What is b(w)?
11
Suppose -13*b = -15*b. Let d(p) = p**2 - p - 12. What is d(b)?
-12
Let q be (-5)/10 + (-39)/(-6). Let z(w) = 0*w**2 - 7*w**2 + q*w + w**3 - 4 + 0*w**2. Give z(6).
-4
Let s(q) = -q + 6. Let f be 6*4/4 + 0. Give s(f).
0
Let l = 35 - 39. Let r(t) = t**2 + 5*t - 3. Let g(k) = 2*k**2 + 10*k - 6. Let b(h) = -4*g(h) + 9*r(h). What is b(l)?
-7
Let s(z) = -z**3 - 7*z**2 + 2*z + 8. Let m be s(-7). Let k be m/(-27) - 11/9. Let x(v) be the third derivative of -v**4/6 - v**3/6 - v**2. Give x(k).
3
Let i(c) = -3*c + 3 + 0*c**2 + 0*c**2 + c**3 - 3*c**2. Let v = 6 - 2. Let l be v*-3*2/(-6). Calculate i(l).
7
Let n = -71/10 - -38/5. Let r(m) be the first derivative of n*m**2 - 5*m + 4 + 1/3*m**3. What is r(0)?
-5
Let l(g) be the second derivative of -g**7/2520 + g**6/360 + g**5/120 + g**4/6 - 2*g. Let o(c) be the third derivative of l(c). Calculate o(2).
1
Let w(a) = a + 5. Let q be w(-3). Let n(x) = -2*x + 3 + 6 + 1 - 6*x**q - 11. Give n(-1).
-5
Suppose -16 = 17*h + 52. Let f(w) = w**2 - 6*w - 5. Let k(i) = 2*i**2 - 5*i - 6. Let m(j) = -3*f(j) + 2*k(j). Determine m(h).
-13
Let g = 109 + -105. Let i(p) be the first derivative of -3*p**2/2 - p - 2. Calculate i(g).
-13
Let g(k) be the first derivative of -2*k + 3/2*k**2 + 1 + 1/12*k**4 - 1/2*k**3. Let o(n) be the first derivative of g(n). Calculate o(2).
1
Let b(f) = f**2 + 5*f - 2. Suppose -13*v - 55 = -8*v. Let p = v + 5. Determine b(p).
4
Let h(b) = b**2 - 7*b + 4. Let s = -90 + 33. Let o be 6/(-33) + s/(-11). What is h(o)?
-6
Let j be 3/((-1 - -2)/1). Let x(q) be the third derivative of q**6/120 - q**5/20 + 2*q**3/3 - 23*q**2. Determine x(j).
4
Let w(z) be the third derivative of 0 + 0*z**5 + 0*z + 5*z**2 + 1/24*z**4 - 1/6*z**3 + 1/120*z**6. Calculate w(2).
9
Let c(d) = -5*d**2 + 3*d**2 - 5*d**3 + 2*d**2. Suppose -k + 6 = 5*x, 4*x - x - 6 = -3*k. Determine c(x).
-5
Let d(w) = -4*w. Let a(g) = -g**2 + 10*g - 6. Let j be a(10). Let v = -4 - j. Give d(v).
-8
Let a be -2*15/6*-1. Suppose -3 + 27 = a*q - 3*r, 4*q = 5*r + 27. Let w(z) = z + 0 - 2 + q*z. What is w(2)?
6
Let l(g) be the first derivative of -g**5/20 + g**4/6 - g**3/2 - 3*g + 4. Let b(p) be the first derivative of l(p). Give b(2).
-6
Suppose -i = -0*l - 3*l - 17, -i + 21 = -4*l. Let b(m) = -m**2 - 4*m - 5. Determine b(l).
-5
Let l(x) = -2*x + 1. Let v(b) = -4*b + 2. Let w(o) = 7*l(o) - 3*v(o). Determine w(-3).
7
Let g = 19 - 22. Let o(w) = w**3 + 3*w**2 + 4. Determine o(g).
4
Suppose -12*j + 15*j = -9. Let y(q) = -q**3 + 3*q**2 + 3*q - 1. Let x(f) = -6*f**3 + 15*f**2 + 16*f - 4. Let l(d) = 2*x(d) - 11*y(d). What is l(j)?
6
Let v be (-1 - -2)/1*(0 - -9). Let x(z) = -z**3 + 10*z**2 - 10*z + 10. Calculate x(v).
1
Let x(g) = 3 + 0*g + g**2 + g + g. What is x(-2)?
3
Let o(x) be the first derivative of -1/2*x**2 - 2 - 3*x. Give o(-2).
-1
Let d = 5 + -8. Let p(y) = 0*y - 3*y + y - 3 + 0*y. What is p(d)?
3
Let t(r) = 6*r. Let u(a) = -6*a. Let m(q) = -2*t(q) - 3*u(q). What is m(-1)?
-6
Let p(c) = 7 + 7*c - 2*c - 6. What is p(1)?
6
Let k(g) = 2*g + 5. Let d(o) = 2*o + 12. Let l be d(-9). Let a(s) = -s - 2. Let p(z) = l*k(z) - 13*a(z). What is p(3)?
-1
Suppose -4*g = -7*g - 24. Let w = g - -3. Let j(r) be the first derivative of -r**4/4 - 4*r**3/3 + 5*r**2/2 - 4*r + 1. Calculate j(w).
-4
Suppose 0 = -5*y + 4*y. Let w be -1*(0 - 2 - y). Let n(f) = 2*f**2 - 5*f**w + 4*f**2 + 1 + 3*f. Calculate n(-2).
-1
Let l(z) = 3*z**2 + 19*z - 22*z + z**3 - 3 - 4. Let o be l(-3). Let f(d) = d**2 - 4*d. What is f(o)?
-4
Let p(v) = 7*v**2 + 6*v - 1. Let f(h) = 20*h**2 + 17*h - 3. Suppose 5*o - 66 + 20 = -3*n, 0 = 5*n + 2*o - 83. Let x(l) = n*p(l) - 6*f(l). Determine x(-2).
-3
Let f(l) be the third derivative of l**5/24 - l**4/8 + l**3/2 - 3*l**2. Let v(p) be the first derivative of f(p). Calculate v(2).
7
Let o(b) = 5*b + 2 - 14*b + 8*b. Give o(-3).
5
Let x(p) = -p**3 - 5*p**2 - 5*p - 4. Let g be x(-4). Let d(f) = -3*f**3 + 1 + 2*f + g*f + 0*f**3. Suppose -q + 0*q = 1. What is d(q)?
2
Let m(t) = t - 4*t**2 + 5*t - 7*t. Calculate m(-1).
-3
Let b(a) = a**2 + a + 2. Let g be -1 - (1 + -2)*1. Let v be b(g). Suppose v*c - 9 = -c. Let u(j) = -j**3 + 3*j**2 - 2*j + 2. What is u(c)?
-4
Let w(a) = 4*a**2 - 2*a - 7. Let f(j) = -j**2 + j. Let l(h) = -3*f(h) - w(h). Let v(o) = o**3 + o**2 + o. Let u be v(0). What is l(u)?
7
Let z(w) = -4*w + 15. Let y(o) = -13*o + 46. Let x(a) = -2*y(a) + 7*z(a). Give x(6).
1
Let y(k) = k + 6. Suppose -w + i - 15 = -2*i, -w = 4*i - 20. Calculate y(w).
6
Let g(q) be the third derivative of q**6/120 + q**5/15 + q**4/8 - q**3/3 - q**2. Suppose -30 = 10*r - 0*r. Calculate g(r).
-2
Let j(y) be the third derivative of 0*y - 1/12*y**4 + 0 - 3*y**2 - 1/3*y**3. Calculate j(-3).
4
Suppose 3*d + 32 - 8 = 0. Let h(q) = -q - 14. Determine h(d).
-6
Let t be ((3 - 4) + 2)*3/(-1). Let u(d) be the second derivative of -d**5/20 - d**4/3 - 5*d**3/6 - 2*d**2 - d. Calculate u(t).
2
Let k(u) = 5*u**3 - u**2 + u - 1. Suppose -12*p + 7*p + 5 = 0. Give k(p).
4
Suppose -5*j + 28 = -3*g, 0*j + 18 = 3*j - 3*g. Let w = 285 + -123. Let y(z) = 3*z**2 - 3*z - 4*z - 158 + w - 2*z**2. What is y(j)?
-6
Let x(i) = -i**2 - 10 + 10 - 1 + 10*i - 2. Calculate x(8).
13
Let t(c) = -4*c + 3. Let l(p) = 4*p**3 - 4*p**2 + 2*p + 1. Let m be l(1). Calculate t(m).
-9
Let h(f) = -2*f + 3. Let w = -1 + 7. Let k = w - 9. Determine h(k).
9
Let r(o) be the third derivative of o**5/60 - o**4/4 - o**3/3 - 69*o**2. What is r(5)?
-7
Let m = -9 - -15. Suppose -2*b - b + m = 0. Let o(c) = -c + c**b - 2*c - 3*c + c. Give o(4).
-4
Let n(w) = 4*w + 0*w - 14 - 3*w + 11. What is n(8)?
5
Let j(o) = -o - 1. Let n(q) be the first derivative of -q**3/3 - 2*q**2 + 6*q - 1. Let w be n(-5). Calculate j(w).
-2
Let a(q) = -3*q + 36. Let v(m) = -4*m + 54. Let g(f) = 7*a(f) - 5*v(f). Let p be g(-13). Let o(j) = -j**3 - 4*j**2 + 5*j - 6. What is o(p)?
-6
Let c(f) = 6*f + 1 - 3*f + 6*f. Suppose -2*n + 4 = -6*n. Give c(n).
-8
Suppose -4*j + 2*j + 1 = -5*c, 0 = -j + 2*c + 2. Let g(f) = 0*f - j - 1 - f. Calculate g(0).
-9
Suppose -4*a + i = -3, 12 = -4*a - a - 4*i. Let b(s) = s**2 - 3. Let v be b(a). Let l(p) = p + 4. Determine l(v).
1
Let m(h) be the third derivative of 0 - 2*h**2 + 0*h**4 + 0*h + 1/120*h**6 - 5/3*h**3 - 1/60*h**5. Calculate m(0).
-10
Let v = -8 + 2. Let n(s) = 2*s + 6. What is n(v)?
-6
Let y be (-4)/14 - 333/(-63). Let j(c) = c**3 - 6*c**2 + 6*c + 1. Calculate j(y).
6
Let s(p) = -5*p**2 - 9*p + 10. Let g(l) = 4*l**2 + 8*l - 9. Let u(h) = -4*g(h) - 3*s(h). Calculate u(-6).
0
Let s(t) be the second derivative of t**5/20 + t**4/4 - t**3/6 + t**2 - 57*t. Calculate s(-2).
8
Let h(l) = -l**3 + 6*l**2 + 4*l - 10. Let g(f) = -2*f**3 + 12*f**2 + 8*f - 19. Let r(s) = -3*g(s) + 5*h(s). Determine r(6).
-17
Let l(h) = 5*h**2 - h + 1. Let d(r) = -11*r**2 + 2*r - 2. Let x(y) = 4*d(y) + 7*l(y). Let w(q) = q**2 + q. Let m be w(-1). Let g = m + 1. Give x(g).
-9
Let f(y) = 9*y**3 - y**2 - y. Suppose -4*r + 4*g = -58 + 2, -4*g - 26 = -r. Let o = -8 + r. Suppose o - 6 = 4*z. What is f(z)?
-9
Let v(d) = 12 + 1 + 1 - 8*d - 7*d. Let z(h) = -5*h + 5. Let x(w) = -6*v(w) + 17*z(w). Give x(3).
16
Let o(y) = -y**2 + 5*y - 5. Let q be 2/(-4)*0 - (-4 - 1). Determine o(q).
-5
Let b be 5 + -1 - (-1 + 0). Let r(j) = -3*j + 5 + j**3 + 2*j**2 + 4 - b - 1. Give r(-3).
3
Let z(s) = -6*s**2 - 2*s + 1. Suppose 3*b = 4*c + 27, 9 - 36 = -3*b - 5*c. Let n be ((-6)/b)/(-1)*6. Let y be n/6 - 2/(-6). What is z(y)?
-7
Suppose 2*c + 4*z = 70, 2*c = -z + 53 + 8. Suppose 5*q - 44 + 109 = 4*p, q = 4*p - c. Let g be (1 - q)/(5 + -3). Let u(i) = i**2 - 3*i - 3. What is u(g)?
7
Suppose -5*s + 8 + 2 = 0. Suppose -2*w - w = -s*v + 15, -4*w + 2*v = 18. Let n be 10*(-3)/18*w. Let o(q) = -q**2 + 5*q + 3. What is o(n)?
3
Let j be (-3)/2*(-2)/1. Let x(n) = -n - 3. Let p be x(-3). Let b(g) = -6 + p*g + 2*g + j. Determine b(3).
3
Let i(f) = -3*f + 2 + f - 3*f**2 - 6 + 3. Suppose -2*p + 0*p = 4. Let w = p + 1. Calculat